{"id":1491,"date":"2020-05-30T16:59:09","date_gmt":"2020-05-30T23:59:09","guid":{"rendered":"https:\/\/icoc-rdc.org\/staging\/?page_id=1491"},"modified":"2022-03-28T06:35:12","modified_gmt":"2022-03-28T13:35:12","slug":"qui-sommes-nous","status":"publish","type":"page","link":"https:\/\/icoc-rdc.org\/staging\/qui-sommes-nous\/","title":{"rendered":"Qui sommes-nous"},"content":{"rendered":"\t\t<div data-elementor-type=\"wp-page\" data-elementor-id=\"1491\" class=\"elementor elementor-1491\">\n\t\t\t\t\t\t<section class=\"elementor-section elementor-top-section elementor-element elementor-element-6083b2f elementor-section-boxed elementor-section-height-default elementor-section-height-default\" data-id=\"6083b2f\" data-element_type=\"section\">\n\t\t\t\t\t\t<div class=\"elementor-container elementor-column-gap-default\">\n\t\t\t\t\t<div class=\"elementor-column elementor-col-100 elementor-top-column elementor-element elementor-element-9148631\" data-id=\"9148631\" data-element_type=\"column\">\n\t\t\t<div class=\"elementor-widget-wrap elementor-element-populated\">\n\t\t\t\t\t\t<div class=\"elementor-element elementor-element-ba3b0b4 elementor-widget elementor-widget-text-editor\" data-id=\"ba3b0b4\" data-element_type=\"widget\" data-widget_type=\"text-editor.default\">\n\t\t\t\t<div class=\"elementor-widget-container\">\n\t\t\t\t\t\t\t<p><span style=\"color: #000000;\">Notre plus grand d\u00e9sir, notre plus grande passion, notre plus grand sacrifice et notre joie la plus d\u00e9brid\u00e9e seront consacr\u00e9s \u00e0 la poursuite du plus grand r\u00eave de Dieu : voir ses enfants revenir \u00e0 la maison. Nous souhaitons \u00c9vang\u00e9liser le monde et aider le plus grand nombre possible de personnes \u00e0 \u00eatre dans une relation d\u2019amour avec Dieu est notre mission.<\/span> <span style=\"color: #000000;\">Connaitre Dieu (Jean 17:3) et le Faire connaitre <\/span>(Mathieu 28:18-20).<\/p><p><span style=\"color: #000000;\">\u00a0Aimer Dieu (Faire la joie de Dieu); Aimer les autres (Avoir des relations profondes); Sauver les perdus (Les aider \u00e0 se connecter \u00e0 Dieu); Ressembler \u00e0 christ (B\u00e2tir et d\u00e9velopper les caract\u00e8res du Christ); Combler les besoins des autres (Chercher les opportunit\u00e9s de servir).<\/span><\/p><p><span style=\"color: #000000;\">Avoir r\u00e9guli\u00e8rement des temps de qualit\u00e9 avec Dieu; Assistance aux r\u00e9unions et aux visites d\u2019encouragement; Chercher de l\u2019aide spirituelle (formation) ; Partager r\u00e9guli\u00e8rement sa foi avec les autres; Chercher les opportunit\u00e9s de rendre service.<\/span><\/p>\t\t\t\t\t\t<\/div>\n\t\t\t\t<\/div>\n\t\t\t\t\t<\/div>\n\t\t<\/div>\n\t\t\t\t\t<\/div>\n\t\t<\/section>\n\t\t\t\t<section class=\"elementor-section elementor-top-section elementor-element elementor-element-795e528 elementor-section-boxed elementor-section-height-default elementor-section-height-default\" data-id=\"795e528\" data-element_type=\"section\">\n\t\t\t\t\t\t<div class=\"elementor-container elementor-column-gap-default\">\n\t\t\t\t\t<div class=\"elementor-column elementor-col-100 elementor-top-column elementor-element elementor-element-2f1a036\" data-id=\"2f1a036\" data-element_type=\"column\">\n\t\t\t<div class=\"elementor-widget-wrap elementor-element-populated\">\n\t\t\t\t\t\t<div class=\"elementor-element elementor-element-eee20a6 elementor-widget elementor-widget-spacer\" data-id=\"eee20a6\" data-element_type=\"widget\" data-widget_type=\"spacer.default\">\n\t\t\t\t<div class=\"elementor-widget-container\">\n\t\t\t\t\t<div class=\"elementor-spacer\">\n\t\t\t<div class=\"elementor-spacer-inner\"><\/div>\n\t\t<\/div>\n\t\t\t\t<\/div>\n\t\t\t\t<\/div>\n\t\t\t\t\t<\/div>\n\t\t<\/div>\n\t\t\t\t\t<\/div>\n\t\t<\/section>\n\t\t\t\t<section class=\"elementor-section elementor-top-section elementor-element elementor-element-37ae93a elementor-section-boxed elementor-section-height-default elementor-section-height-default\" data-id=\"37ae93a\" data-element_type=\"section\">\n\t\t\t\t\t\t<div class=\"elementor-container elementor-column-gap-default\">\n\t\t\t\t\t<div class=\"elementor-column elementor-col-100 elementor-top-column elementor-element elementor-element-ace9830\" data-id=\"ace9830\" data-element_type=\"column\">\n\t\t\t<div class=\"elementor-widget-wrap elementor-element-populated\">\n\t\t\t\t\t\t<div class=\"elementor-element elementor-element-6980ce0 elementor-widget elementor-widget-heading\" data-id=\"6980ce0\" data-element_type=\"widget\" data-widget_type=\"heading.default\">\n\t\t\t\t<div class=\"elementor-widget-container\">\n\t\t\t<h4 class=\"elementor-heading-title elementor-size-default\">Notre Histoire<\/h4>\t\t<\/div>\n\t\t\t\t<\/div>\n\t\t\t\t\t<\/div>\n\t\t<\/div>\n\t\t\t\t\t<\/div>\n\t\t<\/section>\n\t\t\t\t<section class=\"elementor-section elementor-top-section elementor-element elementor-element-45c35a2 elementor-section-boxed elementor-section-height-default elementor-section-height-default\" data-id=\"45c35a2\" data-element_type=\"section\">\n\t\t\t\t\t\t<div class=\"elementor-container elementor-column-gap-default\">\n\t\t\t\t\t<div class=\"elementor-column elementor-col-100 elementor-top-column elementor-element elementor-element-64a2843\" data-id=\"64a2843\" data-element_type=\"column\">\n\t\t\t<div class=\"elementor-widget-wrap elementor-element-populated\">\n\t\t\t\t\t\t<div class=\"elementor-element elementor-element-4221eca elementor-widget elementor-widget-text-editor\" data-id=\"4221eca\" data-element_type=\"widget\" data-widget_type=\"text-editor.default\">\n\t\t\t\t<div class=\"elementor-widget-container\">\n\t\t\t\t\t\t\t<p>Notre histoire en RDC a commenc\u00e9 avec l\u2019implantation de l\u2019Eglise du Christ Internationale de Kinshasa le 22 octobre 1995 par 11 chr\u00e9tiens des Eglises du Christ d\u2019Abidjan, de Johannesburg, et des Etats Unis d\u2019Am\u00e9rique. Ces chr\u00e9tiens, dont certains \u00e9taient congolais et d\u2019autres ivoirienns, sont venus en R\u00e9publique D\u00e9mocratique du Congo dans le but principal de r\u00e9pandre l\u2019Evangile du Christ au plus grand nombre possible de personnes dans le pays.<\/p><p>Depuis ces humbles d\u00e9buts, l\u2019\u00c9glise de Kinshasa est rest\u00e9e fid\u00e8le au d\u00e9sir de r\u00e9pandre l\u2019\u00c9vangile dans toutes les nations. Elle a implant\u00e9 tant d\u2019autres \u00c9glises dans les villes du pays telles Tshikapa, Lubumbashi, Kananga, Kisangani, et Matadi. Mais dans la sous-r\u00e9gion, Kinshasa supervise d\u2019autres Eglises comme, Brazzaville, Pointe Noire, et Dolisie, en R\u00e9publique du Congo, Libreville au Gabon, Bangui en R\u00e9publique Centrafricaine, Ndjamena au Tchad, Douala, Yaound\u00e9, ainsi que Bamenda au Cameroun.<\/p><p>Aujourd\u2019hui, gr\u00e2ce au d\u00e9vouement et au sacrifice de ces hommes de foi, l\u2019\u00c9glise a continu\u00e9 \u00e0 se d\u00e9velopper.<\/p><p>L\u2019\u00c9glise de Kinshasa est divis\u00e9e en trois secteurs et plusieurs groupes des familles r\u00e9partis dans tout Kinshasa.<\/p><p>L\u2019\u00c9glise du Christ Internationale Kinshasa prend tr\u00e8s au s\u00e9rieux la question d\u2019aide aux pauvres et aux moins privil\u00e9gi\u00e9s. La bienveillance fait partie int\u00e9grante de l\u2019\u00c9glise. L\u2019\u00c9glise \u00e0 Kinshasa et dans toutes les autres villes o\u00f9 elle est implant\u00e9e s\u2019engage \u00e0 aider les n\u00e9cessiteux \u00e0 l\u2019int\u00e9rieur et \u00e0 l\u2019ext\u00e9rieur de la congr\u00e9gation, dans les domaines du logement, de l\u2019alimentation, des v\u00eatements et de l\u2019\u00e9ducation. L\u2019\u00c9glise de Kinshasa, par exemple, est impliqu\u00e9e dans la satisfaction des besoins de certains Homes des vieillards, les prisons et Orphelinats dans la ville.<\/p>\t\t\t\t\t\t<\/div>\n\t\t\t\t<\/div>\n\t\t\t\t\t<\/div>\n\t\t<\/div>\n\t\t\t\t\t<\/div>\n\t\t<\/section>\n\t\t\t\t<\/div>\n\t\t ","protected":false},"excerpt":{"rendered":"<p>Notre plus grand d\u00e9sir, notre plus grande passion, notre plus grand sacrifice et notre joie la plus d\u00e9brid\u00e9e seront consacr\u00e9s \u00e0 la poursuite du plus &hellip; <\/p>\n","protected":false},"author":1,"featured_media":0,"parent":0,"menu_order":0,"comment_status":"closed","ping_status":"open","template":"","meta":{"_acf_changed":false,"footnotes":""},"class_list":["post-1491","page","type-page","status-publish","hentry"],"acf":[],"yoast_head":"<!-- This site is optimized with the Yoast SEO plugin v23.3 - https:\/\/yoast.com\/wordpress\/plugins\/seo\/ -->\n<title>Qui sommes-nous - ICOCRDC<\/title>\n<meta name=\"robots\" content=\"index, follow, max-snippet:-1, max-image-preview:large, max-video-preview:-1\" \/>\n<link rel=\"canonical\" href=\"https:\/\/icoc-rdc.org\/staging\/qui-sommes-nous\/\" \/>\n<meta property=\"og:locale\" content=\"fr_FR\" \/>\n<meta property=\"og:type\" content=\"article\" \/>\n<meta property=\"og:title\" content=\"Qui sommes-nous - ICOCRDC\" \/>\n<meta property=\"og:description\" content=\"Notre plus grand d\u00e9sir, notre plus grande passion, notre plus grand sacrifice et notre joie la plus d\u00e9brid\u00e9e seront consacr\u00e9s \u00e0 la poursuite du plus &hellip;\" \/>\n<meta property=\"og:url\" content=\"https:\/\/icoc-rdc.org\/staging\/qui-sommes-nous\/\" \/>\n<meta property=\"og:site_name\" content=\"ICOCRDC\" \/>\n<meta property=\"article:modified_time\" content=\"2022-03-28T13:35:12+00:00\" \/>\n<meta name=\"twitter:card\" content=\"summary_large_image\" \/>\n<meta name=\"twitter:label1\" content=\"Dur\u00e9e de lecture estim\u00e9e\" \/>\n\t<meta name=\"twitter:data1\" content=\"3 minutes\" \/>\n<script type=\"application\/ld+json\" class=\"yoast-schema-graph\">{\"@context\":\"https:\/\/schema.org\",\"@graph\":[{\"@type\":\"WebPage\",\"@id\":\"https:\/\/icoc-rdc.org\/staging\/qui-sommes-nous\/\",\"url\":\"https:\/\/icoc-rdc.org\/staging\/qui-sommes-nous\/\",\"name\":\"Qui sommes-nous - ICOCRDC\",\"isPartOf\":{\"@id\":\"https:\/\/icoc-rdc.org\/staging\/#website\"},\"datePublished\":\"2020-05-30T23:59:09+00:00\",\"dateModified\":\"2022-03-28T13:35:12+00:00\",\"breadcrumb\":{\"@id\":\"https:\/\/icoc-rdc.org\/staging\/qui-sommes-nous\/#breadcrumb\"},\"inLanguage\":\"fr-FR\",\"potentialAction\":[{\"@type\":\"ReadAction\",\"target\":[\"https:\/\/icoc-rdc.org\/staging\/qui-sommes-nous\/\"]}]},{\"@type\":\"BreadcrumbList\",\"@id\":\"https:\/\/icoc-rdc.org\/staging\/qui-sommes-nous\/#breadcrumb\",\"itemListElement\":[{\"@type\":\"ListItem\",\"position\":1,\"name\":\"Accueil\",\"item\":\"https:\/\/icoc-rdc.org\/staging\/\"},{\"@type\":\"ListItem\",\"position\":2,\"name\":\"Qui sommes-nous\"}]},{\"@type\":\"WebSite\",\"@id\":\"https:\/\/icoc-rdc.org\/staging\/#website\",\"url\":\"https:\/\/icoc-rdc.org\/staging\/\",\"name\":\"ICOCRDC\",\"description\":\"Connaitre Dieu et le faire Connaitre aux autres\",\"potentialAction\":[{\"@type\":\"SearchAction\",\"target\":{\"@type\":\"EntryPoint\",\"urlTemplate\":\"https:\/\/icoc-rdc.org\/staging\/?s={search_term_string}\"},\"query-input\":\"required name=search_term_string\"}],\"inLanguage\":\"fr-FR\"}]}<\/script>\n<!-- \/ Yoast SEO plugin. -->","yoast_head_json":{"title":"Qui sommes-nous - ICOCRDC","robots":{"index":"index","follow":"follow","max-snippet":"max-snippet:-1","max-image-preview":"max-image-preview:large","max-video-preview":"max-video-preview:-1"},"canonical":"https:\/\/icoc-rdc.org\/staging\/qui-sommes-nous\/","og_locale":"fr_FR","og_type":"article","og_title":"Qui sommes-nous - ICOCRDC","og_description":"Notre plus grand d\u00e9sir, notre plus grande passion, notre plus grand sacrifice et notre joie la plus d\u00e9brid\u00e9e seront consacr\u00e9s \u00e0 la poursuite du plus &hellip;","og_url":"https:\/\/icoc-rdc.org\/staging\/qui-sommes-nous\/","og_site_name":"ICOCRDC","article_modified_time":"2022-03-28T13:35:12+00:00","twitter_card":"summary_large_image","twitter_misc":{"Dur\u00e9e de lecture estim\u00e9e":"3 minutes"},"schema":{"@context":"https:\/\/schema.org","@graph":[{"@type":"WebPage","@id":"https:\/\/icoc-rdc.org\/staging\/qui-sommes-nous\/","url":"https:\/\/icoc-rdc.org\/staging\/qui-sommes-nous\/","name":"Qui sommes-nous - ICOCRDC","isPartOf":{"@id":"https:\/\/icoc-rdc.org\/staging\/#website"},"datePublished":"2020-05-30T23:59:09+00:00","dateModified":"2022-03-28T13:35:12+00:00","breadcrumb":{"@id":"https:\/\/icoc-rdc.org\/staging\/qui-sommes-nous\/#breadcrumb"},"inLanguage":"fr-FR","potentialAction":[{"@type":"ReadAction","target":["https:\/\/icoc-rdc.org\/staging\/qui-sommes-nous\/"]}]},{"@type":"BreadcrumbList","@id":"https:\/\/icoc-rdc.org\/staging\/qui-sommes-nous\/#breadcrumb","itemListElement":[{"@type":"ListItem","position":1,"name":"Accueil","item":"https:\/\/icoc-rdc.org\/staging\/"},{"@type":"ListItem","position":2,"name":"Qui sommes-nous"}]},{"@type":"WebSite","@id":"https:\/\/icoc-rdc.org\/staging\/#website","url":"https:\/\/icoc-rdc.org\/staging\/","name":"ICOCRDC","description":"Connaitre Dieu et le faire Connaitre aux autres","potentialAction":[{"@type":"SearchAction","target":{"@type":"EntryPoint","urlTemplate":"https:\/\/icoc-rdc.org\/staging\/?s={search_term_string}"},"query-input":"required name=search_term_string"}],"inLanguage":"fr-FR"}]}},"_links":{"self":[{"href":"https:\/\/icoc-rdc.org\/staging\/wp-json\/wp\/v2\/pages\/1491","targetHints":{"allow":["GET"]}}],"collection":[{"href":"https:\/\/icoc-rdc.org\/staging\/wp-json\/wp\/v2\/pages"}],"about":[{"href":"https:\/\/icoc-rdc.org\/staging\/wp-json\/wp\/v2\/types\/page"}],"author":[{"embeddable":true,"href":"https:\/\/icoc-rdc.org\/staging\/wp-json\/wp\/v2\/users\/1"}],"replies":[{"embeddable":true,"href":"https:\/\/icoc-rdc.org\/staging\/wp-json\/wp\/v2\/comments?post=1491"}],"version-history":[{"count":86,"href":"https:\/\/icoc-rdc.org\/staging\/wp-json\/wp\/v2\/pages\/1491\/revisions"}],"predecessor-version":[{"id":12435,"href":"https:\/\/icoc-rdc.org\/staging\/wp-json\/wp\/v2\/pages\/1491\/revisions\/12435"}],"wp:attachment":[{"href":"https:\/\/icoc-rdc.org\/staging\/wp-json\/wp\/v2\/media?parent=1491"}],"curies":[{"name":"wp","href":"https:\/\/api.w.org\/{rel}","templated":true}]}}