{"id":52812,"date":"2022-10-31T01:29:26","date_gmt":"2022-10-31T08:29:26","guid":{"rendered":"https:\/\/icoc-rdc.org\/staging\/?page_id=52812"},"modified":"2022-11-14T02:33:24","modified_gmt":"2022-11-14T10:33:24","slug":"vision-du-futur","status":"publish","type":"page","link":"https:\/\/icoc-rdc.org\/staging\/vision-du-futur\/","title":{"rendered":"Vision pour l&#8217;avenir"},"content":{"rendered":"\t\t<div data-elementor-type=\"wp-page\" data-elementor-id=\"52812\" class=\"elementor elementor-52812\">\n\t\t\t\t\t\t<section class=\"elementor-section elementor-top-section elementor-element elementor-element-e2f7c6d elementor-section-boxed elementor-section-height-default elementor-section-height-default\" data-id=\"e2f7c6d\" data-element_type=\"section\">\n\t\t\t\t\t\t<div class=\"elementor-container elementor-column-gap-default\">\n\t\t\t\t\t<div class=\"elementor-column elementor-col-16 elementor-top-column elementor-element elementor-element-d4f68a1\" data-id=\"d4f68a1\" data-element_type=\"column\">\n\t\t\t<div class=\"elementor-widget-wrap\">\n\t\t\t\t\t\t\t<\/div>\n\t\t<\/div>\n\t\t\t\t<div class=\"elementor-column elementor-col-66 elementor-top-column elementor-element elementor-element-9f2eefc\" data-id=\"9f2eefc\" data-element_type=\"column\">\n\t\t\t<div class=\"elementor-widget-wrap elementor-element-populated\">\n\t\t\t\t\t\t<div class=\"elementor-element elementor-element-fccbfa9 elementor-widget elementor-widget-image\" data-id=\"fccbfa9\" data-element_type=\"widget\" data-widget_type=\"image.default\">\n\t\t\t\t<div class=\"elementor-widget-container\">\n\t\t\t\t\t\t\t\t\t\t\t\t\t<img fetchpriority=\"high\" decoding=\"async\" width=\"1024\" height=\"683\" src=\"https:\/\/icoc-rdc.org\/staging\/wp-content\/uploads\/2022\/11\/MLK-PHOTOGRAPHY-61-1024x683.jpg\" class=\"attachment-large size-large wp-image-55553\" alt=\"\" srcset=\"https:\/\/icoc-rdc.org\/staging\/wp-content\/uploads\/2022\/11\/MLK-PHOTOGRAPHY-61-1024x683.jpg 1024w, https:\/\/icoc-rdc.org\/staging\/wp-content\/uploads\/2022\/11\/MLK-PHOTOGRAPHY-61-300x200.jpg 300w, https:\/\/icoc-rdc.org\/staging\/wp-content\/uploads\/2022\/11\/MLK-PHOTOGRAPHY-61-768x512.jpg 768w, https:\/\/icoc-rdc.org\/staging\/wp-content\/uploads\/2022\/11\/MLK-PHOTOGRAPHY-61-1536x1024.jpg 1536w, https:\/\/icoc-rdc.org\/staging\/wp-content\/uploads\/2022\/11\/MLK-PHOTOGRAPHY-61-2048x1365.jpg 2048w, https:\/\/icoc-rdc.org\/staging\/wp-content\/uploads\/2022\/11\/MLK-PHOTOGRAPHY-61-770x513.jpg 770w, https:\/\/icoc-rdc.org\/staging\/wp-content\/uploads\/2022\/11\/MLK-PHOTOGRAPHY-61-370x247.jpg 370w\" sizes=\"(max-width: 1024px) 100vw, 1024px\" \/>\t\t\t\t\t\t\t\t\t\t\t\t\t<\/div>\n\t\t\t\t<\/div>\n\t\t\t\t\t<\/div>\n\t\t<\/div>\n\t\t\t\t<div class=\"elementor-column elementor-col-16 elementor-top-column elementor-element elementor-element-92682b5\" data-id=\"92682b5\" data-element_type=\"column\">\n\t\t\t<div class=\"elementor-widget-wrap\">\n\t\t\t\t\t\t\t<\/div>\n\t\t<\/div>\n\t\t\t\t\t<\/div>\n\t\t<\/section>\n\t\t\t\t<section class=\"elementor-section elementor-top-section elementor-element elementor-element-6083b2f elementor-section-boxed elementor-section-height-default elementor-section-height-default\" data-id=\"6083b2f\" data-element_type=\"section\">\n\t\t\t\t\t\t<div class=\"elementor-container elementor-column-gap-default\">\n\t\t\t\t\t<div class=\"elementor-column elementor-col-100 elementor-top-column elementor-element elementor-element-9148631\" data-id=\"9148631\" data-element_type=\"column\">\n\t\t\t<div class=\"elementor-widget-wrap elementor-element-populated\">\n\t\t\t\t\t\t<div class=\"elementor-element elementor-element-ba3b0b4 elementor-widget elementor-widget-text-editor\" data-id=\"ba3b0b4\" data-element_type=\"widget\" data-widget_type=\"text-editor.default\">\n\t\t\t\t<div class=\"elementor-widget-container\">\n\t\t\t\t\t\t\t<p>Dimanche 06 Novembre dernier, l&#8217;\u00e9glise de Kinshasa a \u00e9t\u00e9 b\u00e9nie par l&#8217;\u00e9vang\u00e9liste Sean KIRKLIN de l\u2019\u00e9glise du Christ de Cincinnati lors de sa premi\u00e8re visite en RDC pour encourager l&#8217;\u00e9glise et tenir pour la premi\u00e8re en Afrique Centrale le service de brigade m\u00e9dicale accompagn\u00e9 par notre s\u0153ur de la C\u00f4te d\u2019Ivoire le Dr. Solange BALOU.<\/p><p>Le message d\u00e9fiant sur <strong>LA VISION POUR L\u2019AVENIR<\/strong> est un grand encouragement pour l&#8217;\u00e9glise de Kinshasa, les \u00e9glises de la RDC et pour la croissance de nos \u00e9glises en Afrique Centrale.<\/p>\t\t\t\t\t\t<\/div>\n\t\t\t\t<\/div>\n\t\t\t\t\t<\/div>\n\t\t<\/div>\n\t\t\t\t\t<\/div>\n\t\t<\/section>\n\t\t\t\t<section class=\"elementor-section elementor-top-section elementor-element elementor-element-45c35a2 elementor-section-boxed elementor-section-height-default elementor-section-height-default\" data-id=\"45c35a2\" data-element_type=\"section\">\n\t\t\t\t\t\t<div class=\"elementor-container elementor-column-gap-default\">\n\t\t\t\t\t<div class=\"elementor-column elementor-col-100 elementor-top-column elementor-element elementor-element-64a2843\" data-id=\"64a2843\" data-element_type=\"column\">\n\t\t\t<div class=\"elementor-widget-wrap elementor-element-populated\">\n\t\t\t\t\t\t<div class=\"elementor-element elementor-element-4221eca elementor-widget elementor-widget-text-editor\" data-id=\"4221eca\" data-element_type=\"widget\" data-widget_type=\"text-editor.default\">\n\t\t\t\t<div class=\"elementor-widget-container\">\n\t\t\t\t\t\t\t<p>Le pr\u00e9dicateur a encourag\u00e9 l\u2019\u00e9glise \u00e0 continuer de prier et r\u00eaver \u00e0 toutes les bonnes choses que nous voulons faire pour le Seigneur dans le Futur.<\/p><p>Questions\u2026Quelle est ta vision du futur pour ta vie et ta famille\u00a0<strong>?<\/strong> Pour l\u2019\u00e9glise\u00a0<strong>?<\/strong> Particuli\u00e8rement les \u00e9glises de la RDC et de la r\u00e9gion d\u2019Afrique centrale\u00a0<strong>?<\/strong><\/p><p>Il nous a exhort\u00e9s \u00e0 avoir une vision d\u2019avenir lorsque l\u2019on pense au Royaume de Dieu. Et C\u2019est exactement ce que Dieu a eu pour nous, lorsqu\u2019il a cr\u00e9\u00e9 l\u2019Univers. Le Seigneur a une vision extraordinaire du comment est-ce qu\u2019il veut nous utiliser dans l\u2019avenir.<\/p><p>3 points ont \u00e9t\u00e9s d\u00e9velopp\u00e9s sur ce message\u00a0:<\/p><ol><li><strong>Dieu a une vision pour le futur.<\/strong> (Gen\u00e8se 1\u00a0: 1-2) Au commencement \u00e9tait un vide. Mais Dieu avait une vision de ce que la Terre deviendra alors que son Esprit commencer \u00e0 mouvoir sur la surface de la terre. En cr\u00e9ant toutes les cr\u00e9atures, Il a transform\u00e9 les t\u00e9n\u00e8bres, le chao, le vide en une extraordinaire Univers lumineux.<\/li><\/ol><p>\u00a0<\/p><ol start=\"2\"><li><strong>Dieu \u00e0 appeler l\u2019avenir \u00e0 l\u2019existence<\/strong>. (Gen\u00e8se 1- 3\u00a0:26). En six jours il a form\u00e9 toutes les choses que nous voyons et ignorons encore. Il peut apporter suffisamment de lumi\u00e8re et la forme \u00e0 notre vie. Dieu, apr\u00e8s avoir tout cr\u00e9er, a r\u00e9serv\u00e9 le meilleur pour la fin\u00a0en nous cr\u00e9ant en son image. A la ressemblance du Dieu Tout puissant. Il nous appelle \u00e0 vivre dignement \u00e0 sa ressemblance. Savons-nous encore comment est-ce que Dieu veux que nous vivions notre vie\u00a0? Nous avons besoin d\u2019\u00e9tudier la vie de Christ pour comprendre le r\u00eave que Dieu a pour chacun de nous\u00a0; l\u2019exemple parfait de la vision de Dieu sur la terre aujourd\u2019hui et pour les jours \u00e0 venir.<\/li><\/ol><p>\u00a0<\/p><ol start=\"3\"><li><strong>Quel type de r\u00eave j\u2019ai\u00a0?<\/strong> (Gen\u00e8se 1\u00a0:27-31) Dieu dit\u00a0: je t\u2019ai cr\u00e9\u00e9 \u00e0 mon image et \u00e0 ma ressemblance. Dieu admire la fa\u00e7on dont il a cr\u00e9\u00e9 chacun de nous. Et nous appelle \u00e0 porter du fruit et \u00e0 dominer. Le r\u00eave que Dieu nous communique est de remplir son Royaume et de vivre chaque jour \u00e0 sa ressemblance.<\/li><\/ol><p>\u00a0<\/p><p>En conclusion, Dieu veux avoir une<\/p><p>relation personnelle avec chacun de nous peu importe ce que nous avons fait.<\/p>\t\t\t\t\t\t<\/div>\n\t\t\t\t<\/div>\n\t\t\t\t\t<\/div>\n\t\t<\/div>\n\t\t\t\t\t<\/div>\n\t\t<\/section>\n\t\t\t\t<section class=\"elementor-section elementor-top-section elementor-element elementor-element-d4f4b46 elementor-section-boxed elementor-section-height-default elementor-section-height-default\" data-id=\"d4f4b46\" data-element_type=\"section\">\n\t\t\t\t\t\t<div class=\"elementor-container elementor-column-gap-default\">\n\t\t\t\t\t<div class=\"elementor-column elementor-col-16 elementor-top-column elementor-element elementor-element-79f209c\" data-id=\"79f209c\" data-element_type=\"column\">\n\t\t\t<div class=\"elementor-widget-wrap\">\n\t\t\t\t\t\t\t<\/div>\n\t\t<\/div>\n\t\t\t\t<div class=\"elementor-column elementor-col-66 elementor-top-column elementor-element elementor-element-6a79b58\" data-id=\"6a79b58\" data-element_type=\"column\">\n\t\t\t<div class=\"elementor-widget-wrap elementor-element-populated\">\n\t\t\t\t\t\t<div class=\"elementor-element elementor-element-25ac946 elementor-widget elementor-widget-image\" data-id=\"25ac946\" data-element_type=\"widget\" data-widget_type=\"image.default\">\n\t\t\t\t<div class=\"elementor-widget-container\">\n\t\t\t\t\t\t\t\t\t\t\t\t\t<img decoding=\"async\" width=\"1024\" height=\"683\" src=\"https:\/\/icoc-rdc.org\/staging\/wp-content\/uploads\/2022\/11\/MLK-PHOTOGRAPHY-176-1024x683.jpg\" class=\"attachment-large size-large wp-image-55555\" alt=\"\" srcset=\"https:\/\/icoc-rdc.org\/staging\/wp-content\/uploads\/2022\/11\/MLK-PHOTOGRAPHY-176-1024x683.jpg 1024w, https:\/\/icoc-rdc.org\/staging\/wp-content\/uploads\/2022\/11\/MLK-PHOTOGRAPHY-176-300x200.jpg 300w, https:\/\/icoc-rdc.org\/staging\/wp-content\/uploads\/2022\/11\/MLK-PHOTOGRAPHY-176-768x512.jpg 768w, https:\/\/icoc-rdc.org\/staging\/wp-content\/uploads\/2022\/11\/MLK-PHOTOGRAPHY-176-1536x1024.jpg 1536w, https:\/\/icoc-rdc.org\/staging\/wp-content\/uploads\/2022\/11\/MLK-PHOTOGRAPHY-176-2048x1365.jpg 2048w, https:\/\/icoc-rdc.org\/staging\/wp-content\/uploads\/2022\/11\/MLK-PHOTOGRAPHY-176-770x513.jpg 770w, https:\/\/icoc-rdc.org\/staging\/wp-content\/uploads\/2022\/11\/MLK-PHOTOGRAPHY-176-370x247.jpg 370w\" sizes=\"(max-width: 1024px) 100vw, 1024px\" \/>\t\t\t\t\t\t\t\t\t\t\t\t\t<\/div>\n\t\t\t\t<\/div>\n\t\t\t\t\t<\/div>\n\t\t<\/div>\n\t\t\t\t<div class=\"elementor-column elementor-col-16 elementor-top-column elementor-element elementor-element-84af2b9\" data-id=\"84af2b9\" data-element_type=\"column\">\n\t\t\t<div class=\"elementor-widget-wrap\">\n\t\t\t\t\t\t\t<\/div>\n\t\t<\/div>\n\t\t\t\t\t<\/div>\n\t\t<\/section>\n\t\t\t\t<section class=\"elementor-section elementor-top-section elementor-element elementor-element-a95a719 elementor-section-boxed elementor-section-height-default elementor-section-height-default\" data-id=\"a95a719\" data-element_type=\"section\">\n\t\t\t\t\t\t<div class=\"elementor-container elementor-column-gap-default\">\n\t\t\t\t\t<div class=\"elementor-column elementor-col-100 elementor-top-column elementor-element elementor-element-9247568\" data-id=\"9247568\" data-element_type=\"column\">\n\t\t\t<div class=\"elementor-widget-wrap elementor-element-populated\">\n\t\t\t\t\t\t<div class=\"elementor-element elementor-element-1385a65 elementor-widget elementor-widget-text-editor\" data-id=\"1385a65\" data-element_type=\"widget\" data-widget_type=\"text-editor.default\">\n\t\t\t\t<div class=\"elementor-widget-container\">\n\t\t\t\t\t\t\t<p><em>Psaumes 127\u00a0:1-2<\/em><\/p><p>Dieu veut que nous continuions sur la fondation qu\u2019il a d\u00e9j\u00e0 \u00e9tabli. Et que nos r\u00eaves soient fond\u00e9s sur sa volont\u00e9, selon son plan avec le c\u0153ur de J\u00e9sus. Dieu appelle chacun de nous \u00e0 vivre son meilleur pour lui et de ne jamais arr\u00eater de r\u00eaver. R\u00eaver des choses extraordinaires que nous voulons faire pour Dieu. Pas seulement pour quelques jours mais pour tout le reste de notre vie, grandissant dans la paix, amour, saintet\u00e9, compassion \u00e9tant ces exemples qu\u2019il veut que nous soyons.<\/p><p>Exemples dans le service, comme nous l\u2019avons fait lors de la brigade m\u00e9dicale.<\/p><p>Qui d\u2019entre nous portes encore le grand r\u00eave pour le futur\u00a0?<\/p><p>Nous rendons gr\u00e2ce \u00e0 Dieu pour avoir utilis\u00e9 d&#8217;une mani\u00e8re extraordinaire son serviteur qui, lui et l&#8217;\u00e9glise qu&#8217;il dirige continue d&#8217;\u00eatre une vraie source d&#8217;encouragement pour toutes nos \u00e9glises en Afrique Centrale.<\/p><p><em>&#8230;ils demeuraient dans la communion fraternelle&#8230;<\/em><\/p><p>Un moment chaleureux de communion, des c\u0153urs inond\u00e9s de joies. Et que dire de ce grand bonheur de se retrouver en famille, qui s\u2019est traduit par des cantiques des louanges, exhibant des pas de danses en pr\u00e9sence du Roi de gloire.<\/p><p>A Dieu soit toute la gloire. Amen\u00a0!<\/p>\t\t\t\t\t\t<\/div>\n\t\t\t\t<\/div>\n\t\t\t\t\t<\/div>\n\t\t<\/div>\n\t\t\t\t\t<\/div>\n\t\t<\/section>\n\t\t\t\t<\/div>\n\t\t ","protected":false},"excerpt":{"rendered":"<p>Dimanche 06 Novembre dernier, l&#8217;\u00e9glise de Kinshasa a \u00e9t\u00e9 b\u00e9nie par l&#8217;\u00e9vang\u00e9liste Sean KIRKLIN de l\u2019\u00e9glise du Christ de Cincinnati lors de sa premi\u00e8re visite &hellip; <\/p>\n","protected":false},"author":1,"featured_media":0,"parent":0,"menu_order":0,"comment_status":"closed","ping_status":"closed","template":"","meta":{"_acf_changed":false,"footnotes":""},"class_list":["post-52812","page","type-page","status-publish","hentry"],"acf":[],"yoast_head":"<!-- This site is optimized with the Yoast SEO plugin v23.3 - https:\/\/yoast.com\/wordpress\/plugins\/seo\/ -->\n<title>Vision pour l&#039;avenir - ICOCRDC<\/title>\n<meta name=\"description\" content=\"avoir une vision d\u2019avenir lorsque l\u2019on pense au Royaume de Dieu. Et C\u2019est exactement ce que Dieu a eu pour nous, lorsqu\u2019il a cr\u00e9\u00e9 l\u2019Univers. Le Seigneur a une vision extraordinaire du comment est-ce qu\u2019il veut nous utiliser dans l\u2019avenir.\" \/>\n<meta name=\"robots\" content=\"index, follow, max-snippet:-1, max-image-preview:large, max-video-preview:-1\" \/>\n<link rel=\"canonical\" href=\"https:\/\/icoc-rdc.org\/staging\/vision-du-futur\/\" \/>\n<meta property=\"og:locale\" content=\"fr_FR\" \/>\n<meta property=\"og:type\" content=\"article\" \/>\n<meta property=\"og:title\" content=\"Vision pour l&#039;avenir - ICOCRDC\" \/>\n<meta property=\"og:description\" content=\"avoir une vision d\u2019avenir lorsque l\u2019on pense au Royaume de Dieu. Et C\u2019est exactement ce que Dieu a eu pour nous, lorsqu\u2019il a cr\u00e9\u00e9 l\u2019Univers. Le Seigneur a une vision extraordinaire du comment est-ce qu\u2019il veut nous utiliser dans l\u2019avenir.\" \/>\n<meta property=\"og:url\" content=\"https:\/\/icoc-rdc.org\/staging\/vision-du-futur\/\" \/>\n<meta property=\"og:site_name\" content=\"ICOCRDC\" \/>\n<meta property=\"article:modified_time\" content=\"2022-11-14T10:33:24+00:00\" \/>\n<meta property=\"og:image\" content=\"https:\/\/icoc-rdc.org\/staging\/wp-content\/uploads\/2022\/11\/MLK-PHOTOGRAPHY-61-1024x683.jpg\" \/>\n<meta name=\"twitter:card\" content=\"summary_large_image\" \/>\n<meta name=\"twitter:label1\" content=\"Dur\u00e9e de lecture estim\u00e9e\" \/>\n\t<meta name=\"twitter:data1\" content=\"4 minutes\" \/>\n<script type=\"application\/ld+json\" class=\"yoast-schema-graph\">{\"@context\":\"https:\/\/schema.org\",\"@graph\":[{\"@type\":\"WebPage\",\"@id\":\"https:\/\/icoc-rdc.org\/staging\/vision-du-futur\/\",\"url\":\"https:\/\/icoc-rdc.org\/staging\/vision-du-futur\/\",\"name\":\"Vision pour l'avenir - ICOCRDC\",\"isPartOf\":{\"@id\":\"https:\/\/icoc-rdc.org\/staging\/#website\"},\"primaryImageOfPage\":{\"@id\":\"https:\/\/icoc-rdc.org\/staging\/vision-du-futur\/#primaryimage\"},\"image\":{\"@id\":\"https:\/\/icoc-rdc.org\/staging\/vision-du-futur\/#primaryimage\"},\"thumbnailUrl\":\"https:\/\/icoc-rdc.org\/staging\/wp-content\/uploads\/2022\/11\/MLK-PHOTOGRAPHY-61-1024x683.jpg\",\"datePublished\":\"2022-10-31T08:29:26+00:00\",\"dateModified\":\"2022-11-14T10:33:24+00:00\",\"description\":\"avoir une vision d\u2019avenir lorsque l\u2019on pense au Royaume de Dieu. Et C\u2019est exactement ce que Dieu a eu pour nous, lorsqu\u2019il a cr\u00e9\u00e9 l\u2019Univers. Le Seigneur a une vision extraordinaire du comment est-ce qu\u2019il veut nous utiliser dans l\u2019avenir.\",\"breadcrumb\":{\"@id\":\"https:\/\/icoc-rdc.org\/staging\/vision-du-futur\/#breadcrumb\"},\"inLanguage\":\"fr-FR\",\"potentialAction\":[{\"@type\":\"ReadAction\",\"target\":[\"https:\/\/icoc-rdc.org\/staging\/vision-du-futur\/\"]}]},{\"@type\":\"ImageObject\",\"inLanguage\":\"fr-FR\",\"@id\":\"https:\/\/icoc-rdc.org\/staging\/vision-du-futur\/#primaryimage\",\"url\":\"https:\/\/icoc-rdc.org\/staging\/wp-content\/uploads\/2022\/11\/MLK-PHOTOGRAPHY-61-scaled.jpg\",\"contentUrl\":\"https:\/\/icoc-rdc.org\/staging\/wp-content\/uploads\/2022\/11\/MLK-PHOTOGRAPHY-61-scaled.jpg\",\"width\":2560,\"height\":1707},{\"@type\":\"BreadcrumbList\",\"@id\":\"https:\/\/icoc-rdc.org\/staging\/vision-du-futur\/#breadcrumb\",\"itemListElement\":[{\"@type\":\"ListItem\",\"position\":1,\"name\":\"Accueil\",\"item\":\"https:\/\/icoc-rdc.org\/staging\/\"},{\"@type\":\"ListItem\",\"position\":2,\"name\":\"Vision pour l&#8217;avenir\"}]},{\"@type\":\"WebSite\",\"@id\":\"https:\/\/icoc-rdc.org\/staging\/#website\",\"url\":\"https:\/\/icoc-rdc.org\/staging\/\",\"name\":\"ICOCRDC\",\"description\":\"Connaitre Dieu et le faire Connaitre aux autres\",\"potentialAction\":[{\"@type\":\"SearchAction\",\"target\":{\"@type\":\"EntryPoint\",\"urlTemplate\":\"https:\/\/icoc-rdc.org\/staging\/?s={search_term_string}\"},\"query-input\":\"required name=search_term_string\"}],\"inLanguage\":\"fr-FR\"}]}<\/script>\n<!-- \/ Yoast SEO plugin. -->","yoast_head_json":{"title":"Vision pour l'avenir - ICOCRDC","description":"avoir une vision d\u2019avenir lorsque l\u2019on pense au Royaume de Dieu. Et C\u2019est exactement ce que Dieu a eu pour nous, lorsqu\u2019il a cr\u00e9\u00e9 l\u2019Univers. Le Seigneur a une vision extraordinaire du comment est-ce qu\u2019il veut nous utiliser dans l\u2019avenir.","robots":{"index":"index","follow":"follow","max-snippet":"max-snippet:-1","max-image-preview":"max-image-preview:large","max-video-preview":"max-video-preview:-1"},"canonical":"https:\/\/icoc-rdc.org\/staging\/vision-du-futur\/","og_locale":"fr_FR","og_type":"article","og_title":"Vision pour l'avenir - ICOCRDC","og_description":"avoir une vision d\u2019avenir lorsque l\u2019on pense au Royaume de Dieu. Et C\u2019est exactement ce que Dieu a eu pour nous, lorsqu\u2019il a cr\u00e9\u00e9 l\u2019Univers. Le Seigneur a une vision extraordinaire du comment est-ce qu\u2019il veut nous utiliser dans l\u2019avenir.","og_url":"https:\/\/icoc-rdc.org\/staging\/vision-du-futur\/","og_site_name":"ICOCRDC","article_modified_time":"2022-11-14T10:33:24+00:00","og_image":[{"url":"https:\/\/icoc-rdc.org\/staging\/wp-content\/uploads\/2022\/11\/MLK-PHOTOGRAPHY-61-1024x683.jpg"}],"twitter_card":"summary_large_image","twitter_misc":{"Dur\u00e9e de lecture estim\u00e9e":"4 minutes"},"schema":{"@context":"https:\/\/schema.org","@graph":[{"@type":"WebPage","@id":"https:\/\/icoc-rdc.org\/staging\/vision-du-futur\/","url":"https:\/\/icoc-rdc.org\/staging\/vision-du-futur\/","name":"Vision pour l'avenir - ICOCRDC","isPartOf":{"@id":"https:\/\/icoc-rdc.org\/staging\/#website"},"primaryImageOfPage":{"@id":"https:\/\/icoc-rdc.org\/staging\/vision-du-futur\/#primaryimage"},"image":{"@id":"https:\/\/icoc-rdc.org\/staging\/vision-du-futur\/#primaryimage"},"thumbnailUrl":"https:\/\/icoc-rdc.org\/staging\/wp-content\/uploads\/2022\/11\/MLK-PHOTOGRAPHY-61-1024x683.jpg","datePublished":"2022-10-31T08:29:26+00:00","dateModified":"2022-11-14T10:33:24+00:00","description":"avoir une vision d\u2019avenir lorsque l\u2019on pense au Royaume de Dieu. Et C\u2019est exactement ce que Dieu a eu pour nous, lorsqu\u2019il a cr\u00e9\u00e9 l\u2019Univers. Le Seigneur a une vision extraordinaire du comment est-ce qu\u2019il veut nous utiliser dans l\u2019avenir.","breadcrumb":{"@id":"https:\/\/icoc-rdc.org\/staging\/vision-du-futur\/#breadcrumb"},"inLanguage":"fr-FR","potentialAction":[{"@type":"ReadAction","target":["https:\/\/icoc-rdc.org\/staging\/vision-du-futur\/"]}]},{"@type":"ImageObject","inLanguage":"fr-FR","@id":"https:\/\/icoc-rdc.org\/staging\/vision-du-futur\/#primaryimage","url":"https:\/\/icoc-rdc.org\/staging\/wp-content\/uploads\/2022\/11\/MLK-PHOTOGRAPHY-61-scaled.jpg","contentUrl":"https:\/\/icoc-rdc.org\/staging\/wp-content\/uploads\/2022\/11\/MLK-PHOTOGRAPHY-61-scaled.jpg","width":2560,"height":1707},{"@type":"BreadcrumbList","@id":"https:\/\/icoc-rdc.org\/staging\/vision-du-futur\/#breadcrumb","itemListElement":[{"@type":"ListItem","position":1,"name":"Accueil","item":"https:\/\/icoc-rdc.org\/staging\/"},{"@type":"ListItem","position":2,"name":"Vision pour l&#8217;avenir"}]},{"@type":"WebSite","@id":"https:\/\/icoc-rdc.org\/staging\/#website","url":"https:\/\/icoc-rdc.org\/staging\/","name":"ICOCRDC","description":"Connaitre Dieu et le faire Connaitre aux autres","potentialAction":[{"@type":"SearchAction","target":{"@type":"EntryPoint","urlTemplate":"https:\/\/icoc-rdc.org\/staging\/?s={search_term_string}"},"query-input":"required name=search_term_string"}],"inLanguage":"fr-FR"}]}},"_links":{"self":[{"href":"https:\/\/icoc-rdc.org\/staging\/wp-json\/wp\/v2\/pages\/52812","targetHints":{"allow":["GET"]}}],"collection":[{"href":"https:\/\/icoc-rdc.org\/staging\/wp-json\/wp\/v2\/pages"}],"about":[{"href":"https:\/\/icoc-rdc.org\/staging\/wp-json\/wp\/v2\/types\/page"}],"author":[{"embeddable":true,"href":"https:\/\/icoc-rdc.org\/staging\/wp-json\/wp\/v2\/users\/1"}],"replies":[{"embeddable":true,"href":"https:\/\/icoc-rdc.org\/staging\/wp-json\/wp\/v2\/comments?post=52812"}],"version-history":[{"count":25,"href":"https:\/\/icoc-rdc.org\/staging\/wp-json\/wp\/v2\/pages\/52812\/revisions"}],"predecessor-version":[{"id":56295,"href":"https:\/\/icoc-rdc.org\/staging\/wp-json\/wp\/v2\/pages\/52812\/revisions\/56295"}],"wp:attachment":[{"href":"https:\/\/icoc-rdc.org\/staging\/wp-json\/wp\/v2\/media?parent=52812"}],"curies":[{"name":"wp","href":"https:\/\/api.w.org\/{rel}","templated":true}]}}